0440 = 6*o - 2*t, -3*t = -3*o - 217824. What are the prime factors of ((-16)/7 - -2) + o/(-126)?
2, 3
Let v(q) = 4*q**3 + 2*q**2 + q - 18. Let b be v(-4). Let l = 84 - b. List the prime factors of l.
2, 3, 5, 11
Let z be ((-2)/4)/((-2)/4) - -58. Suppose -5*q + z = -4*q. Let r = q + 46. What are the prime factors of r?
3, 5, 7
Let i(b) be the first derivative of -6*b**2 - 26*b - 18. Suppose -3*l + 7 = 2*z, 3*l - 15 = 3*z + 12. What are the prime factors of i(z)?
2, 11
Suppose 2*p = -d + 7, 4*d - 10 - 9 = p. Let z be (-3 - p - -2) + 155. Let i = 329 - z. What are the prime factors of i?
2, 11
Suppose 187 - 167 = 4*o. Suppose 687 = o*q - 563. List the prime factors of q.
2, 5
Suppose -42*l - 63 = -273. Suppose 3*h = -t + 1298, 3*t + 1735 = -h + l*h. List the prime factors of h.
433
Let j = 6864 - 362. What are the prime factors of j?
2, 3251
Suppose -1306 - 19354 = -4*d - 4*m, 5*d - 25795 = 5*m. List the prime factors of d.
2, 29, 89
Let b be 4023 - (31 - 35)*(-1)/2. Suppose -8*z + b + 3963 = 0. What are the prime factors of z?
2, 499
Let w(x) = x**2 - 9*x + 4. Let u(v) = v**3 - 4*v**2 - v - 5. Let o be u(5). Let i be w(o). Suppose i = 4*j - 170. What are the prime factors of j?
2, 3, 11
Suppose 898044 = 390*c - 348*c. What are the prime factors of c?
2, 10691
Let i(b) = -2*b**2 + 5*b - 6 + 4*b**2 - 5. Let f = 8020 + -8033. What are the prime factors of i(f)?
2, 131
Let u(c) be the second derivative of 5*c**4/4 + 8*c**3 - c**2 + c - 58. What are the prime factors of u(7)?
1069
Suppose 27600 = -13*j + 93280 + 85458. List the prime factors of j.
2, 5813
Let i(n) = -7*n + 23. Let r(b) = -1. Let f(c) = i(c) + 4*r(c). Let s be f(-9). Let d = 194 - s. List the prime factors of d.
2, 7
Let a be (196 - 4) + (-2 + -3)/5. Suppose 2*i - a = 101. What are the prime factors of i?
2, 73
Let n be 368/(-322)*(-14)/4. Suppose 420 = n*d + 5*s - 997, 0 = -d - 2*s + 352. What are the prime factors of d?
2, 179
Suppose -4*i = -d + 24, 5*d - 113 = d - i. Suppose d + 4 = 4*l. Suppose 710 = l*b - 3*b. List the prime factors of b.
2, 71
Suppose 298*d - 2559970 - 982058 = 0. What are the prime factors of d?
2, 3, 7, 283
Suppose 4*f - 330060 = -2*f - 9*f. What are the prime factors of f?
2, 5501
Let a(k) = k - k + 25 + 0*k + 8*k. Let x be a(6). Suppose 5*y + j - x = 0, -5*j + 32 = 4*y - 39. List the prime factors of y.
2, 7
Let h be (9/27)/(1/12). Suppose -5*i = -5*d - 25, i + i + h*d = 4. Suppose 2*f - 200 = -4*x, -i*x + x - 4*f = -150. What are the prime factors of x?
2, 5
Suppose 4 - 20 = -4*z. Suppose -r - 6 = -z*r. Suppose 0 = -3*n - 11 + r, -2*g - 4*n = -272. What are the prime factors of g?
2, 71
Let i(v) = 3*v**2 - 2*v + 8. Let h be i(16). Suppose 8*z - 12*z = -h. List the prime factors of z.
2, 3, 31
Let g(b) = -b**3 - 3*b**2 + 9*b + 3. Suppose 4*n + 4*a + 26 = -2, -3*n = -5*a + 45. What are the prime factors of g(n)?
613
Let h = 231 - 214. Suppose 6*f = h*f - 198. What are the prime factors of f?
2, 3
Let t(c) = -69*c - 5. Let p be t(-2). Let x = p + -77. Suppose 4*f - 2*f = -4*v + 122, 0 = f + v - x. List the prime factors of f.
3, 17
What are the prime factors of (21769 - -20)/(1/4 - 3/(-6))?
2, 3, 269
Let i(d) = 1479*d + 788. What are the prime factors of i(5)?
7, 167
Let o be (-54)/10 + 4/10. Let s be 1*46 + (0 - -1). Let m = s - o. List the prime factors of m.
2, 13
Suppose -27*w - 7321 = -30*w + 5*m, m - 2427 = -w. List the prime factors of w.
2, 19
Let d(v) = 3*v**3 + 3*v**2 - v + 146. List the prime factors of d(13).
7, 1033
Suppose 0 = 4*r, -79*s + 74*s = 4*r - 33925. What are the prime factors of s?
5, 23, 59
Let q be 3/(44/(-8) + 4) - -7. Let i = 210 - -64. Suppose -4*d + 624 = v, 2*d - i = -q*v + 20. What are the prime factors of d?
157
Suppose -39810 = -12*h - h - 2*h. What are the prime factors of h?
2, 1327
Suppose 0 = 3*n - 2*q - 11016, 17*n - 13*n - 14675 = 7*q. List the prime factors of n.
2, 11, 167
List the prime factors of (1145/(-2) - -2)*2580/(-215).
2, 3, 7, 163
Let m = -76 - -81. Suppose m*u + 16 = 4*u. Let h = u + 129. List the prime factors of h.
113
Suppose 5*a - 40 = 2*r - 1, -4*a + 36 = -4*r. Suppose q = -a*q - 352. List the prime factors of (q/12)/((-4)/132).
11
Suppose -9 = 3*h - 564. Let i = -80 + h. Suppose -2*x - 3*o = -i, -3 = 2*o - 3*o. List the prime factors of x.
2, 3
Let j = -8619 + 14366. What are the prime factors of j?
7, 821
Let r be 30/20*(4 + -3 - -1). Suppose 8*n = -4*l + 4*n + 2924, 2924 = 4*l - r*n. What are the prime factors of l?
17, 43
Let x(g) = -g**3 + 5*g**2 + 9*g + 2. Let b be x(5). Suppose 8*f - 9 = b. Suppose 3*d + 580 = 5*n, d + 457 = f*n - 3*n. List the prime factors of n.
113
Suppose -y + 6792 = y + g, 5*g - 3423 = -y. What are the prime factors of y?
3, 13, 29
Suppose -8*y + 2241 = 737. Let d be (1/(-3))/(y/48 + -4). Suppose 2*r = -5*z + 235, d*r = 4*z + 43 + 385. What are the prime factors of r?
2, 5, 11
Suppose 0 = 5*p + 6*d - 3*d - 1023, 2*p - 2*d - 422 = 0. What are the prime factors of p + (-1 + -1)/(6 - 7)?
11, 19
Let l be (-8)/40*135/(-9). Let t = 2 - 2. Suppose 228 = l*x - t*x. What are the prime factors of x?
2, 19
Let p = -15314 - -15319. Suppose -4958 = -5*f - 2*h, 3*f = -2*h + 1055 + 1923. Suppose -p*o + 980 = 3*k, -f = o - 6*o - 5*k. What are the prime factors of o?
193
List the prime factors of 239096/78 - 14/6.
3, 1021
Suppose 9*a - 19*a - 6005724 = -216*a. List the prime factors of a.
2, 3, 43, 113
Let t be ((-1834)/14)/((-201)/(-102) - 2). Suppose 5*f + 45 - 1163 = -z, t = 4*z + 2*f. List the prime factors of z.
3, 7, 53
Suppose -50*j + 795605 = -737895. List the prime factors of j.
2, 5, 3067
Suppose 21288 = -33*x + 21*x. What are the prime factors of (x/(-10))/((-31)/(-155))?
887
Suppose -2*m + 2*c + 146 = -3*c, 5*m - 336 = -2*c. Let z = m - 63. Suppose 0 = z*i - 2*o - 1045, 2*i - 12 = 5*o + 406. What are the prime factors of i?
11, 19
Let q(z) = 33*z - 82. Let r(c) = 2*c**3 + 10*c**2 - 7*c - 29. Let u be r(-5). List the prime factors of q(u).
2, 29
Suppose g = -0*g - 5*i + 1413, 3*i = g - 1421. Let q = g + -769. What are the prime factors of q?
11, 59
Let j be 10/(-4)*2*(-4)/10. Suppose -j*u + 101 = -211. Suppose -5*d + d + u = 0. List the prime factors of d.
3, 13
Let o(h) = 4956*h**2 + 13*h + 9. Let q be o(-2). Suppose -32*t = -3*t - q. List the prime factors of t.
683
Let s(k) = 8*k**3 + 27*k**2 - 29*k + 34. Let t(i) = 3*i**3 + 13*i**2 - 15*i + 18. Let b(x) = -2*s(x) + 5*t(x). List the prime factors of b(9).
31
Suppose o - 14 = -2*x, -7*o + 3*x - 27 = -10*o. Suppose -5*q + 758 = -18*b + 22*b, -2*q - 744 = -o*b. List the prime factors of b.
11, 17
Suppose -18*c + 21*c - 6 = 0. Suppose 3*s + 9 = 0, c*v - 2*s = 202 + 116. List the prime factors of v.
2, 3, 13
Let a(q) = 301*q - 125. Let n be a(13). Let d = 5464 - n. What are the prime factors of d?
2, 419
Suppose 15 = -5*d - 10, 7881 = p + d. What are the prime factors of p?
2, 3943
Let d(h) = 2*h**2 - h - 476. What are the prime factors of d(-44)?
2, 5, 43
Let u(v) be the second derivative of 17/6*v**3 + 0 - 18*v + 15/2*v**2. List the prime factors of u(4).
83
Suppose 207155 = 145*n - 198*n + 118*n. List the prime factors of n.
3187
Suppose 15 = -4*j + 43. List the prime factors of 391 + j + -3 + (1 - 0).
2, 3, 11
Let u(y) = 8*y - 13. Let b(t) = 4*t - 7. Let p(q) = 7*b(q) - 4*u(q). Let w be p(3). Let d(k) = -23*k - 57. List the prime factors of d(w).
2, 3, 5
Let q = -227 - -221. List the prime factors of ((-112035)/154)/(q/8).
2, 5, 97
Let i be (4/7)/(2/7). Suppose 291 + 251 = 4*r + i*o, 3*r - 3*o - 429 = 0. List the prime factors of r.
2, 3, 23
Suppose 3*k - 37098 = -3*w, -4*w - 3*k = -11702 - 37769. What are the prime factors of w?
12373
Let q = 43533 - 19911. List the prime factors of q.
2, 3, 31, 127
Let d(k) = k**2 - k + 19. Let n(g) = -g**2 + 17*g - 30. Let a be n(2). What are the prime factors of d(a)?
19
Let y be 2/((-2)/(-267))*1. Suppose -141*b + 122 = -80*b. List the prime factors of y/b + (-85)/(-34).
2, 17
Suppose -c + 1 = a - 1, -4*c + 14 = a. Suppose 0 = 3*b + 4*q - 31, -b - c*q - 9 = -6*b. Suppose b*r - 160 = 55. What are the prime factors of r?
43
Let a(g) = 5683*g**2 - 3*g - 3. List the prime factors of a(1).
7, 811
Let w be (-1 + -4)*26/(-65) + -5. What are the prime factors of ((-6)/4)/w + (-1297)/(-2)?
11,